m(0). Suppose 3*z = -3*i + 1170, 91 = r*z - 3*i - 1476. Is z a prime number?
False
Let l(s) = -s**3 + 3*s**2 + 72*s + 4. Let j be l(-7). Is ((-33723)/(-135))/((-2)/j) a prime number?
True
Suppose -94*v + 291591527 = 273*v - 9388476. Is v a composite number?
False
Let r(k) = 5158*k**2 + 7*k - 1. Let n be r(-1). Let j = n - 3301. Is j prime?
False
Suppose -89*d = -129*d + 747280. Is d a prime number?
False
Suppose q = -5*u + 402110, -25*u - 5*q = -26*u + 80448. Is u composite?
True
Suppose -284*q + 236362102 = 39168122. Is q a composite number?
True
Let f(j) = 2*j**3 + 16*j**2 + 11*j - 10. Let w be f(-7). Let h(o) = 4*o**3 - 14*o**2 + 5*o - 14. Is h(w) composite?
False
Let r = 582 - 578. Let a(z) = 6*z**3 + 2*z**2 - 4*z - 3. Is a(r) prime?
True
Let p be 74/14 - (-4)/(-14). Suppose -109*m + 287*m - 356 = 0. Suppose m*r - 5*q - 1311 = 206, -3875 = -p*r - 4*q. Is r prime?
False
Let h be 42474/18*(2 + 1). Suppose -h = -3*l + 2*y, -3*l + 4*y + 3697 = -3390. Is l composite?
False
Let p = 42642 + -9695. Is p prime?
False
Let j be 3/24*-4*0. Suppose -2*c - 3*a + 7975 = j, 3*a + 3 = -0. Is c a prime number?
True
Suppose -52*a + 47*a + 396957 = 4*s, s = a - 79395. Is a a prime number?
True
Suppose -14*q + 1548905 = -11*q - 2*h, -2*h - 1032606 = -2*q. Is q composite?
True
Let z(s) = -2 - 4*s**2 + 4 + 5*s - 3*s + s**3 + 0*s. Let c be z(4). Suppose 3587 + 3103 = c*t. Is t a prime number?
False
Let r(i) = -6*i + 1. Let x be r(-1). Suppose 0 = 3*l + 5*s + 8, -20 = 4*s - 4. Suppose -x*p + 4707 = -l*p. Is p prime?
False
Suppose 0 = -5*t + 4 - 4. Suppose c = 5*s - 174, t = 2*s - 0*s + 4*c - 74. Is s a prime number?
False
Suppose 5 = 2*m + 3*n, 0*n = -3*n + 3. Let a(x) = -374*x**2 + 2*x - 1. Let p be a(m). Let b = 132 - p. Is b prime?
False
Let x(m) = 48*m - 3. Let k = 6 + -3. Suppose 0 = -2*y + 3*c - 8, 0 = -2*y + k*y + 2*c - 10. Is x(y) prime?
False
Let f(u) = 11*u**2 - 23*u + 31. Let q(k) = -2. Let p(o) = f(o) - 6*q(o). Is p(-15) prime?
False
Let r(y) = 5*y**2 + 22*y - 388. Let u(z) = z**2 + 6*z - 97. Let l(q) = 2*r(q) - 9*u(q). Is l(-24) a prime number?
False
Let y = 130 - 145. Let u be 10/(-50) + 336957/y. Is (u/28)/(-9) + (-2)/14 a composite number?
False
Let d be ((-5)/1)/(0/3 - 1). Suppose -2616 = -d*v - 4*y, 4*v - 1257 - 837 = -2*y. Let w = 1445 - v. Is w a prime number?
False
Let i(m) = -2*m - 1. Let h(q) = 3*q + 2. Let v(t) = 5*h(t) + 7*i(t). Let f be v(-8). Let n(g) = 2*g**2 + 2*g - 5. Is n(f) composite?
True
Let u = -41 + 47. Suppose -u*t - 9*t = -45. Suppose p + 0 = 2, o + t*p = 977. Is o prime?
True
Let j(p) = -p**3 + 7*p**2 - 7*p + 13. Let z be j(6). Suppose z*q = 32 - 4. Suppose 0 = -3*s + q*a + 5333, -2*s = -0*s + 3*a - 3561. Is s a prime number?
False
Let j(n) = n**3 + 46*n**2 + 89*n - 67. Let g(a) = -2*a**2 - 22*a + 42. Let r be g(-14). Is j(r) a composite number?
False
Let h = -95656 + 199565. Is h prime?
False
Is (-93373432)/2684*11/(-2) a composite number?
False
Suppose 2*v - 2*g = 3*v - 14, -2*v - 3*g + 24 = 0. Suppose v*u - 2*u = -24. Is 3/((5/(-2595))/(2/u)) a composite number?
True
Suppose 2400379 = 38*j - 1549607. Is j composite?
True
Let u = -21 + 24. Suppose -u*n = 3*n + n. Suppose 4*w - 6*d + 3*d - 8969 = n, w - 2241 = 2*d. Is w prime?
True
Suppose -5*w = -4*g + 1337831, -157*w + 18 = -155*w. Is g prime?
False
Suppose 0 = 12*k - 11*k + 4*n - 930890, k = -3*n + 930884. Is k a prime number?
False
Let k = -108 + 111. Is (978/10)/k*55 composite?
True
Let f be 56/10 - (-36)/(-60). Suppose -40*b - 32699 = -44*b - f*d, -4*d = -b + 8159. Is b composite?
False
Suppose -4*g + 46 = 3*n, 2 - 6 = -2*n + 4*g. Suppose 9*k = n*k - 2557. Is k composite?
False
Suppose -112 = -17*r + r. Let m(s) = -469*s + 30. Let g be m(r). Is (8 + -2)*2/(-6) - g a composite number?
False
Is ((-1)/(3/624609))/((-4)/8 - 1) a composite number?
True
Let l(y) = -2*y**3 + 4*y**2 + y + 17. Let t be l(0). Suppose 30638 = t*f - 98613. Is f a composite number?
False
Is (-9 - ((-42)/4)/7)/((-36)/145608) a prime number?
False
Is (-1004)/3*(-741)/988 a prime number?
True
Let x = 152044 + -18294. Suppose 0 = 41*i - 239473 - x. Is i a composite number?
False
Let j = 1715 - -7695. Suppose -f = -3*q + j, 17*q = 14*q - f + 9412. Is q a prime number?
True
Let t(h) = h + 745. Let z be t(0). Suppose 0 = 169*c - 190*c. Suppose -12*a + 11*a + z = c. Is a a composite number?
True
Suppose 0 = 5*t - 3*t - 2290. Let j = t + 2114. Is j prime?
True
Suppose 33*b + 467 = -94. Let i(x) = -1152*x + 323. Is i(b) prime?
False
Let a(j) = 28*j**3 + 4*j + 7. Let x be (6/3)/(5 - 113/23). Suppose -x*f = -29*f + 30. Is a(f) prime?
True
Is (6749276/3)/4*-5*(-27)/45 a composite number?
False
Let g(v) = -35*v**3 + 9*v**2 + 8*v - 27. Let j(s) = -53*s**3 + 13*s**2 + 12*s - 41. Let u(x) = 8*g(x) - 5*j(x). Is u(-5) composite?
True
Suppose 93*w - 107*w - 621292 = 0. Let g = w - -80761. Is g prime?
True
Suppose 8 = 8*v - 16. Suppose 2*g - q = v, g + 4 = 3*q - 7. Suppose 0 = 4*z, 3*z = g*x - 872 - 180. Is x a prime number?
True
Suppose 0 = 17*i - 21*i + 19128. Suppose -462*l + 468*l - i = 0. Is l a composite number?
False
Let d be 0/(-2 - (-3 + -4)). Suppose d = o - 11*o + 52070. Is o composite?
True
Suppose -3*v + 305718 = 3*y, 126*v - 101926 = -y + 129*v. Is y prime?
False
Let i = -31 - -30. Let n(h) = -2095*h**3 - 2*h**2 - 2*h. Is n(i) composite?
True
Let a be 4/26 + (-45)/65*-7. Suppose -a*i + 1674 = q, -i + 458 - 118 = -5*q. Is i a prime number?
False
Suppose 2*k + 2*v = 233688, -3*v + 42 = 27. Is k a composite number?
True
Let c(o) = -557*o**3 - 3*o**2 + 7*o. Let v be c(2). Let d = 3834 + -6871. Let p = d - v. Is p a prime number?
False
Suppose 0 = -r - 1, -5*r + 114241 = -3*z + 1400253. Is z composite?
True
Let b be 1/(-4) - (-282)/40*-235. Let q = b + 3478. Is q a prime number?
False
Suppose -3*t - 3*z + 4*z + 42405 = 0, 5*t - 2*z - 70675 = 0. Suppose 3*g - 5*h = 21204, 5*h = 2*g + 2*h - t. Is g a composite number?
True
Let q(o) = 173*o**3 + 14*o**2 + 38*o - 340. Is q(7) prime?
True
Suppose 2*g + 878895 = 5*j, 30 = 5*g + 5. Is j composite?
False
Suppose 137 + 103 = 20*x. Let h = 28 - 19. Suppose h*v - x*v = -4683. Is v composite?
True
Suppose -11*s = 21623 - 2025460. Is s a prime number?
True
Is (80/(-560))/(1/(-648361)) a prime number?
True
Suppose -227 = -z - 225. Suppose 5*i - 5252 = z*q - 5*q, -4*q + 7008 = 4*i. Is q a composite number?
True
Let o(v) = -365*v**3 - 3*v**2 - 8*v - 21. Is o(-5) a prime number?
True
Suppose 5*f - 5*a + 630 = 0, -4*f - 5*a - 412 = 128. Let w = -28 - 55. Let m = w - f. Is m prime?
True
Suppose 2*f = -5*s + 2, 3*s + 2*f + 10 = -2*f. Suppose 0 = w - s + 1, w = 2*g + 349. Let i = 357 + g. Is i prime?
False
Let o(z) = z**3 + 54*z**2 + 122*z + 2. Is o(-27) prime?
False
Let z(w) = -57883*w + 680. Is z(-3) composite?
False
Let b be 224/(-8)*(-6)/7. Suppose -b*l + 3*l + 233163 = 0. Is l a composite number?
True
Let l be 143/13*1/(-1). Is l/(22/(-5448)) - 5 prime?
True
Let g(z) = -4076*z**3 - 7*z**2 - 62*z - 188. Is g(-3) composite?
False
Let x(m) = -3*m - 3. Let i be x(-4). Suppose -4*o + 13 = 3*s, 2*o - 2*s - s = 11. Suppose -74 = -f - p, i*p - o*p = 0. Is f prime?
False
Let g(h) = 807*h**2 + 37*h - 979. Is g(24) a composite number?
False
Let v = 54801 + -36862. Is v prime?
True
Let o(f) = -f**2 + 20*f - 35. Let p be o(18). Let a(b) = 17*b - 39*b + p - 44*b. Is a(-7) a composite number?
False
Let o = -428 - -125. Let s = o - -1960. Is s composite?
False
Suppose -1 = k, 2*k - 27 = -5*u + 4*k. Is 3093 + ((-10)/u - 3) + 5 a prime number?
False
Let m = -7865 + 227430. Is m a prime number?
False
Let d(h) = 196*h + 103. Let u(b) = 196*b + 102. Let t(p) = 5*d(p) - 4*u(p). Is t(27) composite?
False
Is 57369 + ((-22)/(-55))/(1/(-5)) composite?
False
Let t be (4 + (-270)/2)/(2/(-118)). Let l = t - 4692. Is l composite?
False
Let v = -237923 + 442436. Is v prime?
False
Let l(z) = z**3 - 3*z**2 - 4*z + 6. Let b be l(4). Let w(c) = -86*c + 43. Let m be w(-9). Suppose b*o = m + 725. Is o composite?
False
Let b = 13242 - 9081. Let u = 4700 + b. Is u prime?
True
Suppose 115*v - 47648069 = -66*v. Is v a prime number?
False
Let m(a) = -45*a**3 - 9*a**2 + 2*a - 5. Let c be (36/45)/(2/(-10)). Is m(c) a prime number?
False
Is 768662/1*(10/(-4) + -50 + 53) composite?
False
Suppose z - 10105 = 2*m, 29*